ivisor of 5463095 and 142.
71
What is the greatest common divisor of 610632 and 864?
216
What is the greatest common divisor of 639 and 515979?
9
Calculate the highest common divisor of 34101994 and 115782.
1678
Calculate the greatest common factor of 14666495 and 1090.
545
What is the highest common factor of 11261109 and 17283?
2469
Calculate the highest common factor of 40788 and 196295.
11
Calculate the greatest common divisor of 970 and 1427620.
10
What is the highest common divisor of 833670 and 455457?
471
Calculate the greatest common divisor of 24 and 1335051948.
12
Calculate the highest common factor of 471741384 and 1488.
744
What is the highest common factor of 1215 and 88675?
5
What is the highest common divisor of 13372 and 121213837?
3343
Calculate the highest common divisor of 796544 and 553504.
1568
Calculate the greatest common factor of 48517380 and 585.
45
What is the highest common factor of 155012 and 523380?
572
Calculate the highest common factor of 6 and 2859930.
6
Calculate the highest common factor of 222 and 642726.
6
Calculate the greatest common divisor of 869831586 and 104.
26
What is the highest common divisor of 7036660 and 10940?
20
What is the highest common divisor of 6021 and 3123?
9
What is the greatest common divisor of 5619776 and 29164?
1268
What is the highest common divisor of 1558080 and 585?
45
What is the greatest common divisor of 20853270 and 18?
18
Calculate the greatest common factor of 22369567 and 207097.
3091
What is the highest common factor of 1659 and 158132562?
1659
What is the greatest common factor of 186175 and 383075?
275
What is the highest common factor of 18602 and 313891?
71
Calculate the highest common divisor of 366 and 2525139042.
366
What is the highest common divisor of 1341 and 1448308161?
1341
What is the highest common factor of 9735 and 2765625?
885
What is the highest common divisor of 3287375 and 422807?
2023
Calculate the greatest common divisor of 22988886 and 1002.
1002
Calculate the highest common divisor of 5832 and 569664.
72
Calculate the highest common factor of 949 and 7357610.
13
Calculate the highest common factor of 18230 and 38388734.
3646
What is the greatest common divisor of 2981 and 29040?
11
What is the highest common factor of 934225 and 50?
25
Calculate the highest common factor of 149200 and 19600.
400
What is the highest common divisor of 1167555 and 195?
15
What is the highest common factor of 565522 and 170?
34
What is the highest common factor of 1693602 and 474?
474
What is the highest common factor of 967 and 1047765774?
967
Calculate the highest common factor of 2519345 and 5.
5
Calculate the highest common factor of 1595 and 740089570.
1595
What is the greatest common factor of 8 and 9100024?
8
Calculate the greatest common divisor of 91261910 and 33570.
3730
Calculate the greatest common factor of 3339 and 10262973.
1113
What is the highest common divisor of 36195 and 452295?
285
What is the greatest common factor of 59343 and 15?
3
What is the greatest common factor of 2350502 and 21?
7
Calculate the highest common factor of 4998364 and 644.
28
Calculate the highest common divisor of 1884 and 246308822.
314
Calculate the highest common factor of 249456 and 65184.
48
Calculate the highest common factor of 293335 and 423487.
493
Calculate the greatest common factor of 774456 and 739320.
1464
What is the highest common factor of 6 and 22486218?
6
What is the greatest common factor of 143637 and 3719703?
4953
What is the greatest common divisor of 1 and 42961829?
1
Calculate the highest common divisor of 263711 and 679427.
707
Calculate the highest common divisor of 2500 and 486417500.
2500
Calculate the highest common divisor of 57184889 and 2907.
323
What is the greatest common divisor of 101236859 and 2306?
1153
Calculate the greatest common divisor of 11440 and 3381040.
1040
What is the highest common factor of 3975042 and 1632?
102
What is the greatest common factor of 2549399 and 223651?
139
What is the greatest common factor of 33292432 and 8?
8
What is the highest common factor of 2767641 and 9621?
3207
Calculate the highest common factor of 7723743 and 217.
31
What is the highest common divisor of 2755 and 660367439?
551
Calculate the highest common factor of 87 and 15088584.
87
Calculate the highest common divisor of 16106670 and 2898.
414
Calculate the greatest common factor of 154191 and 24411.
309
What is the greatest common divisor of 110943 and 8967?
21
What is the highest common divisor of 49547424 and 480?
96
Calculate the greatest common divisor of 2915 and 476179.
11
What is the greatest common factor of 5330340 and 1350?
270
What is the highest common factor of 134144 and 879680?
64
Calculate the greatest common factor of 64 and 10910320.
16
What is the greatest common factor of 28 and 1655132?
4
What is the greatest common factor of 432 and 19638848?
16
Calculate the greatest common divisor of 49 and 36710149.
7
Calculate the highest common divisor of 176 and 2377248.
16
Calculate the greatest common divisor of 6156544 and 30208.
256
What is the highest common divisor of 847001 and 152?
19
Calculate the highest common factor of 35594 and 2190370.
26
What is the greatest common divisor of 2733481 and 782?
391
Calculate the highest common factor of 482 and 7520887.
241
Calculate the highest common factor of 46791 and 33399.
27
Calculate the highest common divisor of 408855 and 9554.
281
Calculate the greatest common factor of 41 and 233364005.
41
What is the highest common factor of 11780517 and 14?
7
Calculate the highest common divisor of 86080329 and 1278.
639
What is the greatest common divisor of 3298212 and 135?
27
What is the greatest common divisor of 92654024 and 144?
8
Calculate the highest common divisor of 218663 and 28736.
449
Calculate the greatest common divisor of 52124626 and 739.
739
What is the greatest common divisor of 16 and 132022920?
8
Calculate the greatest common divisor of 183600 and 44940690.
4590
What is the highest common divisor of 35208 and 1479384?
216
What is the highest common divisor of 37355 and 7967?
31
Calculate the greatest common factor of 348 and 221082.
6
What is the greatest common factor of 230285 and 2005573?
4187
What is the highest common divisor of 76325 and 10575?
25
What is the greatest common divisor of 344845568 and 256?
256
What is the highest common divisor of 744848 and 432?
16
What is the greatest common factor of 1621799586 and 36?
18
What is the highest common divisor of 9974 and 206995409?
4987
What is the greatest common divisor of 301009792 and 464?
464
What is the greatest common divisor of 66 and 95080810?
22
What is the highest common factor of 1583280 and 18000?
720
Calculate the greatest common divisor of 10081580 and 40934.
422
Calculate the highest common factor of 58 and 359020.
58
Calculate the highest common divisor of 16762 and 53070.
58
What is the highest common divisor of 704 and 16404856?
8
What is the highest common divisor of 1719020 and 7585?
185
What is the greatest common factor of 26848 and 70850194?
1678
Calculate the greatest common divisor of 2975 and 24006465.
595
Calculate the highest common factor of 157445437 and 29.
29
What is the highest common factor of 23234034 and 477?
159
Calculate the greatest common factor of 32 and 53500384.
32
Calculate the highest common divisor of 200920 and 1096.
8
Calculate the highest common divisor of 166111496 and 16.
8
What is the greatest common factor of 13193724 and 8?
4
What is the greatest common divisor of 8181135 and 2295?
135
What is the highest common factor of 420 and 7669060?
140
What is the greatest common divisor of 1260 and 6614538?
42
What is the greatest common factor of 1176084 and 36?
36
Calculate the greatest common factor of 1782 and 79046.
22
What is the highest common divisor of 1507 and 28405421?
11
What is the greatest common factor of 1010 and 103570?
10
What is the highest common divisor of 36190 and 1160390?
770
Calculate the greatest common factor of 1437 and 172783.
1
What is the highest common divisor of 5685659 and 2996?
749
What is the highest common divisor of 6957 and 19227602?
773
What is the highest common factor of 193 and 191390187?
193
Calculate the greatest